 f*n + 1708. What are the prime factors of n?
2, 61
Let i be 21/((-105)/(-1360))*33/4. Suppose 5*c = -4*h + i, h + 39 = -2*c + 600. What are the prime factors of h?
3, 11, 17
Let w(y) = 2*y**3 - 10*y**2 - y + 57. Let u be w(6). Suppose -u*o + 122*o = -323. What are the prime factors of o?
17, 19
Suppose w - d + 3181 = 8976, 4*d + 17387 = 3*w. What are the prime factors of w?
3, 1931
Let p = 1129 + -1029. Let z be -1*(0 - -1) - -168. Let n = z - p. What are the prime factors of n?
67
Suppose -7*b + 3*b = 0. Suppose b = -h - 3*h + 6*h. Suppose r + 3*s - 91 = h, 0*s = 3*r - s - 253. What are the prime factors of r?
5, 17
Let w(l) = -4*l**2 - 21*l + 87. Let q be w(13). Let f = -587 - q. What are the prime factors of f?
5, 11
What are the prime factors of 59784 + 0 - 2/(5*(-10)/75)?
3, 7, 13, 73
Suppose 0 = -4*y + d + 12589, 0 = -y + 5*d - 1212 + 4364. What are the prime factors of y?
3, 1049
Let v(g) be the first derivative of 38 + 3*g**2 + 2*g + 1/3*g**3. List the prime factors of v(10).
2, 3
Let a(b) = 39*b**2 - 108*b - 1393. What are the prime factors of a(-23)?
2, 10861
Suppose -3*t = -2*m + 139 + 86, -4*m + 3*t = -447. Let k = m + 115. List the prime factors of k.
2, 113
Suppose 13*c - 14*c + 11589 + 1676 = 0. What are the prime factors of c?
5, 7, 379
Let o = -6726 - -11455. Suppose o + 1992 = 11*y. What are the prime factors of y?
13, 47
Suppose -17*o + 535316 + 478 = -51437. List the prime factors of o.
34543
Let p(c) = 2*c**2 + 12*c - 13. Let y be p(-7). What are the prime factors of 1/y*7 - -77?
2, 3, 7
Let z(u) = 1448*u**2 + 284*u - 1652. List the prime factors of z(6).
2, 5, 2609
Suppose -14 = -3*b + 2*t - 0, 5*t + 20 = 0. Suppose -3*l = 3*m + l - 308, -5*m + 470 = -b*l. List the prime factors of m.
2, 3
Let g be 168/(1 - 4)*132/(-154). Suppose 5 = -5*c, h = c - 0*c + 26. Let l = g + h. What are the prime factors of l?
73
Let o(w) = 8*w + 34. Let j be o(-4). Suppose -4*i = p - 3175, -2*p + 106 = -j*i + 1696. What are the prime factors of i?
2, 397
Suppose 3580 = -f + l + 26890, 6*f - 5*l = 139858. What are the prime factors of f?
2, 5827
Suppose -i - 3 = -5. Let y(s) = s**i - 78*s + s**2 - s**2 + 87*s - 9. What are the prime factors of y(-17)?
127
Suppose 2*g = 11*j - 15*j + 4, 2*j + 22 = -5*g. Let k = g - -645. List the prime factors of k.
3, 71
Suppose i + 36459 = 1263*d - 1260*d, -2*i - 12 = 0. List the prime factors of d.
29, 419
Let u(k) = 4*k**2 - 6*k**2 + 2*k**2 - 192*k + 197*k + 32*k**3 + 8. What are the prime factors of u(3)?
887
Suppose 153 = -3*z - 0*x + 3*x, -5*z - 231 = x. Let s = -16 - z. Let g = s + -16. List the prime factors of g.
3, 5
Suppose -6*t - 18628 = -54766. List the prime factors of t.
19, 317
Suppose 50*b + 63*b - 1280741 = 36*b. List the prime factors of b.
16633
Suppose 11*q + 8 = 15*q. Suppose 5*x + q*z = 25, -x - 2*z + 0*z + 13 = 0. Suppose 5*j + 3*c = 80, -c = -3*j + x*c + 48. What are the prime factors of j?
2
Let i be ((-15 - -17) + 223)*(-11)/(-1). Suppose 5*v + 4*j - i = 0, -18*v - 5*j = -13*v - 2475. List the prime factors of v.
3, 5, 11
Let o = -32 - -25. Let d be -3 + (-1 - 0 - o). Suppose d*w - 2*m = 412, -2*m + 66 + 82 = w. List the prime factors of w.
2, 5, 7
Suppose 0 = -3*s - w + 7711, -3*s - 2*w = -7*w - 7705. List the prime factors of s.
2, 5, 257
Let d = -174 - -176. List the prime factors of ((-1)/4)/(d/(-3624)).
3, 151
Let q(w) = w**3 + 3*w**2 - 8*w - 7. Let i(v) = -v**2 + v + 1. Let g(c) = -6*i(c) - q(c). Let t = 1115 - 1117. List the prime factors of g(t).
17
Suppose 4*l + 5*s - 76648 = -3619, 0 = 4*l + 2*s - 73038. List the prime factors of l.
3, 2029
Let w be (-728)/(-21) - (-2)/(-3). Suppose 0 = -2*u + n + w, 5*n - 6*n + 20 = u. Let l = 78 - u. What are the prime factors of l?
2, 3, 5
Let i = 102 - 85. Let h(l) = l**3 - 17*l**2 - l + 22. Let d be h(i). Suppose 382 = 6*k - 3*k - c, 3*c = d*k - 642. List the prime factors of k.
2, 3, 7
Suppose 4*u + 21 = z + 2, 4*u + 22 = -2*z. List the prime factors of 499 - (u + (-6)/(-2)).
3, 167
Suppose -28*n + 43*n - 13*n = 42098. What are the prime factors of n?
7, 31, 97
Suppose 269 + 1 = 2*s. Suppose y + 0 = -1, s = 4*g + y. List the prime factors of g.
2, 17
Let z(w) = 2*w**2 - 47*w + 63. Let t be z(22). What are the prime factors of 841 - (-1 + 8 + t)?
3, 31
Let f = 3547 - -43. What are the prime factors of f?
2, 5, 359
Let g(p) = 41*p**2 - 8*p + 3. Let l = 3 - 1. What are the prime factors of g(l)?
151
Let w = 70977 + -38924. List the prime factors of w.
7, 19, 241
Let t be (7 + -7)*(-1)/(-3). Suppose 4*r + 160 + 28 = t. Let x = -25 - r. What are the prime factors of x?
2, 11
Suppose -110 = -63*d + 68*d. Let n be (-693)/d - (-1)/(-2). Suppose -5*s - n = -421. What are the prime factors of s?
2, 3, 13
List the prime factors of (-105)/840 + (-10626)/(-16).
2, 83
Suppose 4*y = -16 + 32, 0 = -5*u - y - 1946. Let k = u + 526. What are the prime factors of k?
2, 17
Let t(x) = -38*x + 89. Let g be t(-9). Let o = g - 152. List the prime factors of o.
3, 31
Let g(r) = 144*r + 79. What are the prime factors of g(45)?
7, 937
Let c(m) = -15*m**2 + 6 - 1 - 15*m**3 + 12*m**2. List the prime factors of c(-2).
113
Let z be 84/98 + 8592/21. Suppose z = -7*q + 2489. What are the prime factors of q?
3, 11
Let t(c) = 2*c**3 + 34*c**2 + 2*c + 38. Let g be t(-17). Suppose 5*o - 910 = -6*i + 2*i, -4*o = g*i - 728. What are the prime factors of o?
2, 7, 13
Let w(p) = 68*p**2 + 19*p - 147. Let o be w(27). Suppose -8*b = 34*b - o. List the prime factors of b.
29, 41
Suppose 0 = -m + b + 10606, -15*b = -4*m - 14*b + 42439. What are the prime factors of m?
3, 131
Suppose 4*s - 6 = -2*w, s + 3*w - 1 + 2 = 0. Suppose 4390 = 4*n + s*f, -14*n + 5468 = -9*n - 4*f. What are the prime factors of n?
2, 137
Suppose 70 = 10*k + 4*k. Suppose b = 2, k*g - 3*b + b = 6526. What are the prime factors of g?
2, 653
Suppose 5*v + 11 = 66. Let f be (-6)/27*-9*(3 - 1). Suppose v*r - f*r - 483 = 0. List the prime factors of r.
3, 23
Let c(q) = q**3 + 6*q**2 - 6*q + 7. Let b be c(-7). Suppose b = -4*i + y + 1500, 4*y + 366 = i + 6*y. What are the prime factors of i?
2, 11, 17
Let j(p) = -p + 2. Let g be j(-7). Suppose 0 = -5*m - 1 - g, 3*i = m + 2. Suppose 0 = -2*w + 4 - 0, i = 4*k - 5*w - 118. What are the prime factors of k?
2
Let a = -51 - -49. Let i be (-9696)/18 + 4 - a/3. What are the prime factors of ((-1)/2)/(3/i)?
89
Let g(i) = 79*i - 2. Let s be g(3). Suppose 66*f - 2 = 67*f - 4*a, -f = a - 3. Suppose -f*k + 94 = -3*j, -4*k + 2*j = k - s. What are the prime factors of k?
47
Let k be (8/(-6))/(56/(-32004)). Suppose -4*q = 38 - 34, 0 = v + 3*q - k. What are the prime factors of v?
3, 5, 17
Let n = 21 - 18. Suppose -n*g - 4*r + 386 = 146, 400 = 5*g - 4*r. List the prime factors of g.
2, 5
Let h(t) = t**3 + 6*t**2 + t + 13. Let x be h(-6). Suppose -x*s + 682 = -6*s. What are the prime factors of s?
2, 11, 31
Let n(q) be the first derivative of 6*q**4 - q - 4*q**2 + 2/3*q**3 - 14. List the prime factors of n(2).
3, 61
Let t(m) = 12*m**2 - 6. Let z be 3/6*-6 - -8. Let k be t(z). Suppose 4*c + 38 = k. What are the prime factors of c?
2
Let c be (2 - (-15)/(-9))/(2/6). Let h be ((-6)/(-14))/(c/((-42)/(-6))). Suppose 5*t + 3*w - 1293 = 0, 0 = -3*t - h*w + 885 - 108. List the prime factors of t.
2, 3, 43
Suppose -72*q + 456646 = -34*q - 19*q. What are the prime factors of q?
2, 61, 197
Let j = 5411 - 4827. List the prime factors of j.
2, 73
Let f be (-8)/16 + (-777)/(-6). What are the prime factors of ((-20)/9 - (-6)/27) + f?
127
Suppose -2164306 = -87*n + 2874235 + 2154532. List the prime factors of n.
29, 2851
Suppose -3*x = -a - 11791 - 971, -4*x = 3*a - 16990. List the prime factors of x.
2, 1063
Let x be (-4)/(-8)*(-5 - 5). Let s be -1 - (x/(-15) - (-1185)/9). Let n = -10 - s. What are the prime factors of n?
3, 41
Suppose 3*y = -2*j - 41, -2*y - 2*j - 10 - 16 = 0. List the prime factors of (-12)/(-10) + (-4647)/y.
311
Let p = -42 + 44. Suppose -5*x + k + 21 = 0, -x + 7 = -k + p. Suppose -3*b + 137 - 736 = -x*z, z = -5*b + 167. List the prime factors of z.
2, 19
Suppose 0 = 2*a - 3*c - 163, a = -0*c - 4*c + 109. Suppose -a = z + 3*q, -2*z - 156 = -8*q + 3*q. Let p = 142 + z. List the prime factors of p.
59
Suppose -20*z = -75*z + 91300. List the prime factors of z.
2, 5, 83
What 